Suppose 0 = -3*b - x + 4444, 13*b + 3*x = 9*b + 5927. Is b composite?
False
Is -2*(17626/4)/(-7) a composite number?
False
Let t = 2843 - 327. Suppose 4*b - t = 4*d, -2*d - 1863 = -3*b + 24. Is b a prime number?
False
Let u(f) = f + 50*f**2 - 3*f - f - 3*f + 11. Is u(-6) composite?
False
Suppose -2*t = -2*k - 3*t + 49420, 2*t - 123549 = -5*k. Is k prime?
True
Let r = 221 - 219. Let w be (-1 + 0)/(-1) - -2. Suppose -25 = -w*m + r*l + 1676, -m = 5*l - 550. Is m a composite number?
True
Is ((-12)/18)/1 + 225711/27 a prime number?
False
Let b(h) = 1 + 5*h**2 - 3*h + 13*h + 82*h**3 - 79*h**3. Is b(6) composite?
True
Suppose 7*y - 9*y = 76. Let t = y + 62. Is 1878/t - 3/(-4) a prime number?
True
Suppose 36*p - 33*p - 4*r - 25273 = 0, -r - 25261 = -3*p. Is p a composite number?
False
Suppose 20 = 2*g + 8*g. Suppose 0 = 5*h + 4*v - 1899, -2*h + 756 = -g*v - 0*v. Is h composite?
False
Suppose -7*n = -5*l - 5*n + 15641, 0 = l - 3*n - 3136. Is l a composite number?
True
Let r(d) = 1798*d**3 + 2*d**2 - 6*d - 4. Let b be r(-1). Suppose 5548 = -5*h - 3*v, 5*h + 5550 = -3*v - 2*v. Let i = h - b. Is i a composite number?
True
Suppose 2*w + 0*w = 6. Let c(h) = h - 13 - 14*h + 4*h**3 - 2*h + 20*h**2 - 5*h**w. Is c(15) a composite number?
False
Let t be 15/2*(-32)/(-5). Suppose 2*s = -l + 61, s - 3*l = -0*l + t. Suppose 0 = f - 150 - s. Is f a composite number?
True
Let n = 51 + -53. Is (3681/(-6))/(n/4 + 0) prime?
False
Let u be (-90)/8 - (-5)/20. Let g = u + 17. Is 4/g - (-1137)/9 a composite number?
False
Let x be 4*(2 - (-2)/8). Suppose -3*i = 3 - x. Let r = 1 + i. Is r composite?
False
Let z(m) = 34*m**2 + 30*m + 17. Is z(-7) prime?
False
Suppose c + 1 = 0, z + c + 945 = 5*z. Let t(n) = 2*n**2 + 4*n - 1. Let i be t(-3). Suppose -i*p + z = -p. Is p a prime number?
True
Let d(f) = f**2 + 3064. Let b be d(0). Let a = b - 1890. Suppose -a = -0*z - 2*z. Is z a prime number?
True
Let z(f) be the first derivative of -f**7/168 + f**6/360 + f**5/120 - f**4/12 - 4*f**3/3 - 3. Let y(p) be the third derivative of z(p). Is y(-3) composite?
False
Suppose q = -6*g - 2*q + 111192, -2*g + 2*q = -37070. Is g a prime number?
False
Let g = -11 + -9. Is (-32792)/g + 0 - (-6)/(-10) a composite number?
True
Is ((-6)/(-4) - (-35)/(-7))*-9722 composite?
True
Let z(d) = -104*d + 29. Suppose 5 = k - 5*h, 2*k + 1 = 5*h - 4. Is z(k) composite?
False
Let d(h) = -332*h + 2. Let o be d(1). Suppose -5*a - 122 = -22. Is o/a*(-38)/(-3) a composite number?
True
Let j(c) = 76*c + 3. Is j(18) a composite number?
True
Suppose -18*i + 119847 = 21*i. Is i a composite number?
True
Let s(m) = -56*m + 167. Is s(-5) a composite number?
True
Suppose 7*o - 74570 + 6901 = 0. Is o a composite number?
True
Suppose 2*a = 2*u + 3*u - 1133, 0 = 2*u + 3*a - 457. Suppose -b - 2*g + 257 = 0, -g + u + 281 = 2*b. Is b a prime number?
False
Let s be (-1)/(-2*(-3)/(-12))*-1. Is 2 - ((s - -6) + -377 + -4) a composite number?
False
Suppose 5*f - 3*x = -496 - 606, -2*x = 5*f + 1107. Let o = f - -894. Is o a prime number?
True
Let i(y) = y**3 - 9*y**2 + 9*y + 4. Let k be i(7). Let g = k + 140. Is g a prime number?
True
Let k = 4 + -2. Let z be (k/(-5))/((-1)/5). Suppose -2*b + n = -936, n = -z*n + 6. Is b prime?
False
Suppose -30*b + 34*b = 32. Let t(i) = 81*i + 11. Is t(b) prime?
True
Let y(z) = 2*z**3 - 24*z**2 + z - 15. Let f be y(12). Let v(a) = 30*a**2 - 1. Is v(f) a composite number?
False
Let q(r) = 44*r - 23. Let s(w) = 1. Let v(y) = -q(y) - 6*s(y). Is v(-10) composite?
False
Suppose -5*d = 3*j - 29, -j - 2*d - 6 = -17. Suppose -j*g + 4 = g. Let u(b) = 955*b**2 + b - 1. Is u(g) composite?
True
Let c(d) = 15*d**2 - 35*d - 21. Is c(17) a prime number?
True
Suppose -o + 115726 = 12*o. Is o a composite number?
True
Let w be (0 - -1)/(1/2). Suppose -w*s + 19 = 229. Is (22/(-6))/(5/s) a prime number?
False
Suppose m + 3*m = 0. Suppose m = -2*a - 3*a + 5, -a + 736 = 5*n. Suppose 75 = 2*f - n. Is f prime?
False
Suppose 50*j - 60 = 53*j. Let a be (-1 - (2 - 2))*-16570. Is (a/j)/((-2)/4) a prime number?
True
Let a(d) = -3*d**2 + 3*d**2 - 3*d**3 - 4*d**2 - 8 + 1. Let p be a(-4). Let z = p + 144. Is z a composite number?
True
Is 0 - ((1 - 1) + -75793) a composite number?
False
Let r(h) = -4*h**3 + 9*h + 10. Let d be r(-5). Let p = 1184 - d. Is p a composite number?
False
Let f(x) = 63*x**2 + 26*x - 67. Is f(16) composite?
False
Suppose 39*m - 8564 = 35233. Is m a composite number?
False
Let v = -316 + 315. Let s be (-8)/(-20) - (-16)/10. Is (v - -6)/(s/14) composite?
True
Suppose -166120 = -18*g + 2. Is g composite?
True
Let p = -26 + 31. Let z(d) = 2 + 4*d**2 + 4*d - 6 - 2*d. Is z(p) composite?
True
Suppose 0 = 7*k - 2*k + 25. Let s = k + 2. Is (0 + (-1)/s)*789 prime?
True
Let q(l) = 564*l - 149. Is q(9) composite?
True
Let f(o) = 161*o**2 + 3*o + 89. Is f(11) a prime number?
True
Let y = 225 + 38. Suppose -4*l + 4*k = -k + y, -2*l - 4*k - 164 = 0. Let z = l + 263. Is z prime?
True
Let u(m) = -m**3 + 6*m**2 - 11*m + 23. Is u(-10) prime?
True
Suppose 83*b = 1222494 + 1235219. Is b composite?
False
Is (-13884)/(-5) - 18/(-90) a prime number?
True
Is -16*1/(-88) + 14045/11 a composite number?
False
Let y(g) = 2*g**2 + 1. Let n be y(-1). Suppose 2*q - 2206 = 4*b, n*q - 5*b + 4*b = 3329. Suppose 3*c + q + 4449 = 5*f, 1110 = f - c. Is f composite?
True
Suppose 0 = 3*t - 4*v - 536 - 3556, -v + 5437 = 4*t. Let k = t + -725. Is k a prime number?
False
Let m(d) = -10*d**2 + 2*d + 1. Let o be m(-1). Let h = o - -20. Let r(z) = -z**3 + 11*z**2 + 9*z - 8. Is r(h) composite?
True
Let y = 8549 + -4360. Is y a composite number?
True
Let r = -86073 - -60083. Is 40/280 - (r/7 + -2) a composite number?
True
Let r = 3590 + -541. Is r a composite number?
False
Suppose 9*i + 4 = 10*i. Suppose -i*n - 36854 = 2*d, -5*n + 12812 = 5*d + 58877. Is n/(-22) + 8/44 composite?
False
Let w(u) = 210*u + 67. Let n be w(12). Suppose n = 10*x - 4263. Is x prime?
False
Suppose q - 1 = 1. Is 6/9*1551*1/q composite?
True
Let q be (-2)/11 + 19261/121. Suppose 5*p - 994 = -q. Suppose b = p + 302. Is b prime?
False
Suppose -t = -5*o + 10226, -3*t - 6 + 3 = 0. Suppose 0 = -10*g + 11*g - o. Is g a prime number?
False
Suppose 28556 = 2*i + 2*n, 12*i - 10*i + 4*n - 28550 = 0. Is i a prime number?
True
Let q(g) = 186*g + 4. Let s be q(-1). Let t = 23 - s. Is t a prime number?
False
Let n = 101715 - 65686. Is n composite?
True
Suppose -5*b = 2*y - 11728, -3*b - 11724 = -2*y - 7*b. Is y composite?
True
Let j(a) = a**2 - 7*a + 5. Let z be j(7). Suppose -z*o = i - 0*o - 54, -4*i + 3*o = -124. Is i composite?
True
Suppose -5*m + 6*l + 197755 = 4*l, 2*m - 79102 = 7*l. Is m a prime number?
True
Let g(h) = -h**2 - 3*h + 2. Let v be g(-3). Suppose 6250 = -3*k - v*k. Let j = k - -1899. Is j a prime number?
False
Let k be (-1 - (-3 - -5))/((-9)/6). Is 648/1 + (4 - 3 - k) a prime number?
True
Suppose 5*z - 20 = 8*u - 3*u, -3*u + 12 = 0. Suppose 2*l - z = -0. Suppose -2*x = -k - 194, 325 = l*x + k - 51. Is x a composite number?
True
Let i(c) = c**2 - 4*c - 7. Let y(v) = -v + 6. Let o be y(0). Let b be i(o). Suppose b*j - 3*j - 66 = 0. Is j a prime number?
False
Let v(r) = -118*r + 33. Is v(-20) a composite number?
False
Let q = 2 + 1. Is 553/q + (-18)/(-27) a prime number?
False
Let a(g) = -25*g**2 - g. Let x be a(-3). Let w = x - -593. Is w a composite number?
True
Let a = 115911 + -47368. Is a a prime number?
True
Suppose -q = 2*q - 7323. Is q composite?
False
Let i(v) = 48*v - 1. Let c be 18/5 + 14/35. Is i(c) a composite number?
False
Let i(m) = -3*m - 2. Let g(h) = h**3 + 8*h**2 + 7*h + 5. Let k be g(-7). Suppose k*u + 14 = -1. Is i(u) a prime number?
True
Let z be (-189 + 1)/(28/(-98)). Suppose t - z - 127 = 0. Is t a prime number?
False
Let n = 4741 + 1612. Is n a prime number?
True
Let j be (-50)/20*24/(-10). Let x(p) = 5*p**2 + 2*p - 13. Is x(j) composite?
False
Let r = 24 + -19. Suppose -2*n + r*k = -n - 1211, 2*k - 6136 = -5*n. Is n prime?
False
Suppose g + 2*l - 10 = 0, -g = 2*g - 4*l. Suppose 0 = g*o - 4 + 36. Is (-6)/(-24) - 198/o composite?
True
Let k = -90 - -45. Let o be ((-4)/(-5))/(6/k). Is 2/(-3) + (-232)/o a composite number?
True
Suppose 17842 - 53187 = -5*z. Is z a prime number?
True
Let t = 2 + -8. Let p = t - -8. Is p/(2*4/508) a prime number?
True
Sup